 14640?
120
What is the highest common divisor of 9 and 161748?
9
Calculate the greatest common factor of 432 and 6939.
27
What is the highest common divisor of 94225 and 25?
25
What is the highest common divisor of 36 and 736461?
9
Calculate the highest common divisor of 612 and 27999.
153
Calculate the greatest common factor of 1147 and 2604.
31
What is the greatest common factor of 1545 and 25029?
309
What is the greatest common divisor of 280 and 22200?
40
Calculate the highest common divisor of 16039 and 126074.
373
What is the highest common factor of 454 and 510977?
227
Calculate the greatest common divisor of 4944 and 8961.
309
What is the highest common divisor of 157 and 6049524?
157
What is the highest common divisor of 47852 and 4?
4
Calculate the highest common divisor of 33129 and 486.
81
Calculate the highest common factor of 6432 and 310344.
1608
What is the highest common divisor of 499319 and 699?
233
What is the highest common factor of 9842 and 2926?
266
What is the greatest common divisor of 2673 and 17253?
243
Calculate the highest common factor of 7460 and 5.
5
What is the highest common factor of 11 and 2186415?
11
Calculate the highest common divisor of 22 and 1079232.
22
Calculate the greatest common divisor of 15 and 9169395.
15
What is the greatest common divisor of 2252 and 7?
1
Calculate the highest common divisor of 60 and 8397560.
20
What is the greatest common factor of 1352 and 273949?
169
What is the highest common divisor of 766315 and 11?
11
What is the greatest common factor of 11 and 560197?
11
Calculate the greatest common factor of 439033 and 133.
133
What is the highest common divisor of 68 and 34068?
68
What is the highest common divisor of 44240 and 79?
79
Calculate the greatest common factor of 5756 and 84.
4
Calculate the greatest common divisor of 1564210 and 25.
5
What is the highest common factor of 833 and 451537?
17
What is the highest common factor of 110 and 86218?
22
What is the greatest common factor of 342810 and 293?
293
What is the highest common divisor of 6075 and 227475?
675
Calculate the highest common factor of 1864 and 1267054.
466
What is the greatest common divisor of 14 and 795802?
14
Calculate the greatest common factor of 2 and 121298.
2
Calculate the highest common factor of 18971 and 183.
61
Calculate the greatest common factor of 99 and 18870.
3
What is the greatest common divisor of 2440 and 12520?
40
What is the greatest common factor of 262855 and 15?
5
Calculate the highest common divisor of 26355 and 105.
105
Calculate the greatest common divisor of 856948 and 4.
4
Calculate the greatest common factor of 357 and 239883.
21
Calculate the greatest common divisor of 18704 and 4.
4
What is the greatest common factor of 139 and 349446?
139
What is the greatest common divisor of 60425 and 25?
25
Calculate the highest common divisor of 15363 and 201.
3
Calculate the highest common factor of 5691 and 2667.
21
Calculate the greatest common divisor of 3770 and 254098.
754
What is the greatest common divisor of 226070 and 260?
130
What is the greatest common divisor of 4 and 306960?
4
What is the highest common divisor of 21329 and 231?
77
What is the greatest common factor of 3762 and 23562?
198
What is the highest common divisor of 12 and 1346?
2
What is the highest common factor of 1078 and 13454?
14
Calculate the highest common divisor of 14880 and 3840.
480
Calculate the greatest common divisor of 728 and 162330.
14
Calculate the greatest common factor of 45 and 3987.
9
Calculate the highest common divisor of 7480 and 33.
11
Calculate the highest common factor of 2708 and 36.
4
What is the greatest common divisor of 10648596 and 238?
238
What is the greatest common divisor of 10200 and 7500?
300
Calculate the highest common divisor of 1147575 and 50.
25
Calculate the greatest common divisor of 621270 and 165.
15
What is the highest common factor of 81809 and 273?
91
What is the highest common divisor of 70 and 240954?
14
Calculate the highest common factor of 80 and 3837160.
40
What is the highest common factor of 2230 and 175055?
1115
Calculate the highest common divisor of 60381 and 81.
9
What is the highest common divisor of 75033 and 21?
21
Calculate the greatest common divisor of 5330 and 146.
2
What is the greatest common factor of 49 and 1486709?
49
What is the greatest common factor of 82 and 233782?
82
Calculate the highest common divisor of 201554 and 4504.
1126
Calculate the greatest common divisor of 1231519 and 381.
127
What is the highest common divisor of 378 and 27054?
54
Calculate the greatest common divisor of 168 and 86100.
84
Calculate the highest common divisor of 69 and 226297.
23
What is the highest common divisor of 17766 and 705?
141
What is the greatest common divisor of 1256 and 157?
157
Calculate the highest common divisor of 123696 and 3888.
144
Calculate the greatest common divisor of 13 and 1177579.
13
Calculate the highest common divisor of 946787 and 573.
191
Calculate the highest common divisor of 252 and 118881.
63
Calculate the greatest common divisor of 319033 and 5863.
143
What is the highest common factor of 240 and 280368?
48
What is the highest common factor of 116780 and 10?
10
Calculate the greatest common divisor of 1081 and 17766.
47
What is the greatest common divisor of 192 and 3954?
6
What is the highest common divisor of 38650 and 40?
10
Calculate the highest common factor of 256928 and 74.
74
Calculate the greatest common factor of 1176 and 613088.
392
What is the highest common factor of 26300 and 23407?
263
Calculate the greatest common factor of 1664 and 7306.
26
Calculate the greatest common divisor of 20 and 6470.
10
What is the highest common divisor of 10846 and 2006?
34
What is the highest common divisor of 5490 and 36?
18
Calculate the greatest common factor of 3240 and 15885.
45
What is the highest common factor of 16884 and 4788?
252
Calculate the greatest common divisor of 2823 and 236191.
941
Calculate the highest common divisor of 53 and 23.
1
Calculate the highest common factor of 27 and 413451.
27
What is the greatest common divisor of 14800 and 8992?
16
Calculate the highest common divisor of 850 and 21454.
34
Calculate the highest common divisor of 1592144 and 2114.
302
Calculate the greatest common factor of 2086 and 47306.
14
Calculate the greatest common divisor of 4874 and 239.
1
What is the greatest common divisor of 1010 and 245430?
1010
Calculate the greatest common divisor of 16 and 820232.
8
What is the greatest common divisor of 12 and 209892?
12
What is the greatest common factor of 2334925 and 4425?
1475
What is the highest common factor of 64 and 14368?
32
What is the highest common divisor of 13416 and 9417?
129
Calculate the greatest common divisor of 291 and 4253256.
291
Calculate the highest common factor of 3668 and 86984.
524
Calculate the greatest common divisor of 1465165 and 260.
65
Calculate the greatest common factor of 30426 and 75604.
922
What is the greatest common factor of 74300 and 600?
100
Calculate the highest common factor of 21111 and 155.
31
What is the greatest common factor of 6072 and 82632?
264
Calculate the greatest common divisor of 6370 and 23205.
455
Calculate the highest common divisor of 341 and 6677.
11
What is the greatest common factor of 90132 and 464?
116
What is the greatest common factor of 1986 and 12?
6
What is the greatest common factor of 5244 and 4332?
228
Calculate the highest common factor of 20 and 2162540.
20
What is the highest common divisor of 59556 and 22764?
84
What is the greatest common divisor of 747 and 137697?
249
Calculate the highest common divisor of 98165 and 580.
145
Calculate the greatest common factor of 1584723 and 138.
69
Calculate the highest common factor of 153663 and 17.
17
Calculate the greatest common divisor of 1206570 and 60.
30
Calculate the greatest common factor of 6 and 8172312.
6
What is the greatest common divisor of 256 and 1317?
1
What is the greatest common divisor of 1208 and 14?
2
What is the greatest common divisor of 3248 and 5012?
28
Calculate the greatest common factor of 51247 and 7.
7
Calculate the greatest common factor of 304386 and 7566.
582
Calculate the highest common factor of 26 and 167752.
2